{"id":311,"date":"2021-06-16T22:48:47","date_gmt":"2021-06-16T22:48:47","guid":{"rendered":"https:\/\/misiondelnayar.org\/noticias\/?page_id=311"},"modified":"2021-06-16T22:49:22","modified_gmt":"2021-06-16T22:49:22","slug":"aportacion-unica","status":"publish","type":"page","link":"https:\/\/misiondelnayar.org\/noticias\/aportacion-unica\/","title":{"rendered":"Aportaci\u00f3n \u00fanica"},"content":{"rendered":"<p>[et_pb_section fb_built=&#8221;1&#8243; admin_label=&#8221;Hero Section&#8221; _builder_version=&#8221;3.22&#8243; custom_padding=&#8221;0|0px|0px|0px&#8221;][et_pb_row column_structure=&#8221;1_2,1_2&#8243; make_equal=&#8221;on&#8221; _builder_version=&#8221;4.9.4&#8243; width=&#8221;100%&#8221; max_width=&#8221;100%&#8221; custom_padding=&#8221;0px|0|0px|&#8221; use_custom_width=&#8221;on&#8221; width_unit=&#8221;off&#8221; custom_width_percent=&#8221;100%&#8221;][et_pb_column type=&#8221;1_2&#8243; _builder_version=&#8221;3.25&#8243; custom_padding=&#8221;200px|8%|260px|8%&#8221; custom_padding_tablet=&#8221;80px|10%|80px|10%&#8221; custom_padding_phone=&#8221;&#8221; custom_padding_last_edited=&#8221;on|tablet&#8221; padding_tablet=&#8221;80px|10%|80px|10%&#8221; padding_last_edited=&#8221;on|tablet&#8221; custom_padding__hover=&#8221;|||&#8221;][et_pb_text _builder_version=&#8221;4.9.7&#8243; text_font=&#8221;Montserrat||||||||&#8221; text_text_color=&#8221;#000000&#8243; header_font=&#8221;Montserrat|700|||||||&#8221; header_text_color=&#8221;#d30837&#8243; header_font_size=&#8221;53px&#8221; header_letter_spacing=&#8221;-3px&#8221; header_line_height=&#8221;1.1em&#8221; header_2_font=&#8221;||||||||&#8221; header_3_font=&#8221;||||||||&#8221; max_width=&#8221;600px&#8221; hover_enabled=&#8221;0&#8243; header_font_size_tablet=&#8221;40px&#8221; header_font_size_phone=&#8221;&#8221; header_font_size_last_edited=&#8221;on|tablet&#8221; locked=&#8221;off&#8221; sticky_enabled=&#8221;0&#8243; text_font_size=&#8221;19px&#8221;]<\/p>\n<h1>Aportaci\u00f3n \u00fanica<\/h1>\n<p>Este tipo de donativo es una aportaci\u00f3n econ\u00f3mica unica al a\u00f1o y puede ser por la cantidad que desees. Es importante recordarte que toda donaci\u00f3n realizada a Misi\u00f3n del Nayar A.B.P. emite un recibo deducible.<\/p>\n<p>Si realizas tu aportaci\u00f3n de esta manera, puedes contactarnos en nuestra<span>\u00a0<\/span><span style=\"color: #000000;\"><strong><a href=\"https:\/\/misiondelnayar.org\/noticias\/contacto\/\" style=\"color: #000000;\">forma de contacto<\/a><\/strong><\/span>, para hacerte llegar nuestro agradecimiento y tu recibo deducible.<\/p>\n<p><span>\u00a1Gracias por ser parte del sue\u00f1o de vida de estos j\u00f3venes ind\u00edgenas!<\/span><\/p>\n<p>[\/et_pb_text][\/et_pb_column][et_pb_column type=&#8221;1_2&#8243; _builder_version=&#8221;4.9.4&#8243; background_color=&#8221;#121212&#8243; use_background_color_gradient=&#8221;on&#8221; background_color_gradient_start=&#8221;rgba(18,18,18,0.5)&#8221; background_color_gradient_end=&#8221;#121212&#8243; background_color_gradient_overlays_image=&#8221;on&#8221; background_image=&#8221;https:\/\/misiondelnayar.org\/noticias\/wp-content\/uploads\/2021\/06\/cropped-background-copy-1.jpg&#8221; custom_padding=&#8221;200px||260px|8%&#8221; custom_padding_tablet=&#8221;80px|10%|80px|10%&#8221; custom_padding_phone=&#8221;&#8221; custom_padding_last_edited=&#8221;on|desktop&#8221; padding_tablet=&#8221;80px|10%|80px|10%&#8221; padding_last_edited=&#8221;on|desktop&#8221; custom_padding__hover=&#8221;|||&#8221;][et_pb_text _builder_version=&#8221;4.9.7&#8243; text_font=&#8221;Montserrat||||||||&#8221; text_text_color=&#8221;#FFFFFF&#8221; text_font_size=&#8221;18px&#8221; text_line_height=&#8221;1.8em&#8221; header_font=&#8221;||||||||&#8221; header_2_font=&#8221;|700|||||||&#8221; header_2_font_size=&#8221;29px&#8221; header_2_line_height=&#8221;1.1em&#8221; header_3_font=&#8221;Montserrat|800|||||||&#8221; header_3_line_height=&#8221;1.4em&#8221; background_layout=&#8221;dark&#8221; max_width=&#8221;600px&#8221; hover_enabled=&#8221;0&#8243; locked=&#8221;off&#8221; sticky_enabled=&#8221;0&#8243;]<\/p>\n<h2 class=\"feature-box-title title-border_none\">Aportaci\u00f3n con cheque, dep\u00f3sito o transferencia<\/h2>\n<div class=\"feature-box-desc\">\n<p>T\u00fa puedes hacer tu aportaci\u00f3n unica por medio de cheque, transferencia o dep\u00f3sito a cuenta. Los datos para realizar la aportaci\u00f3n son:<\/p>\n<p><strong>Nombre:<\/strong><span>\u00a0<\/span>Misi\u00f3n del Nayar ABP<\/p>\n<p><b>Banco:<span>\u00a0<\/span><\/b>HSBC<\/p>\n<p><b>Cuenta No<\/b>: 04018621375<\/p>\n<p><b>CLABE:<span>\u00a0<\/span><\/b>021580040186213759<\/p>\n<\/div>\n<p>[\/et_pb_text][\/et_pb_column][\/et_pb_row][\/et_pb_section][et_pb_section fb_built=&#8221;1&#8243; admin_label=&#8221;Contact&#8221; _builder_version=&#8221;4.9.4&#8243; background_color=&#8221;#245405&#8243; custom_padding=&#8221;100px|0px|100px|0px&#8221; global_module=&#8221;161&#8243;][et_pb_row column_structure=&#8221;1_3,1_3,1_3&#8243; _builder_version=&#8221;3.25&#8243;][et_pb_column type=&#8221;1_3&#8243; _builder_version=&#8221;3.25&#8243; custom_padding=&#8221;|||&#8221; custom_padding__hover=&#8221;|||&#8221;][et_pb_text _builder_version=&#8221;4.9.4&#8243; text_font=&#8221;Montserrat||||||||&#8221; text_text_color=&#8221;rgba(255,255,255,0.7)&#8221; text_font_size=&#8221;16px&#8221; text_line_height=&#8221;1.8em&#8221; header_font=&#8221;||||||||&#8221; header_2_font=&#8221;Montserrat|700|||||||&#8221; header_2_line_height=&#8221;1.4em&#8221; header_3_font=&#8221;||||||||&#8221; background_layout=&#8221;dark&#8221; max_width=&#8221;600px&#8221; locked=&#8221;off&#8221;]<\/p>\n<h2>Nosotros<\/h2>\n<p><span>Asociaci\u00f3n dedicada a ofrecer oportunidades a j\u00f3venes ind\u00edgenas de mejorar su calidad de vida a trav\u00e9s de la formaci\u00f3n integral y la educaci\u00f3n universitaria.<\/span><\/p>\n<p>[\/et_pb_text][et_pb_blurb title=&#8221;Email&#8221; use_icon=&#8221;on&#8221; font_icon=&#8221;%%109%%&#8221; icon_color=&#8221;#FFFFFF&#8221; icon_placement=&#8221;left&#8221; use_icon_font_size=&#8221;on&#8221; icon_font_size=&#8221;29px&#8221; _builder_version=&#8221;4.9.7&#8243; _module_preset=&#8221;default&#8221; header_font=&#8221;Montserrat||||||||&#8221; header_text_color=&#8221;#FFFFFF&#8221; body_font=&#8221;Montserrat||||||||&#8221; body_text_color=&#8221;rgba(255,255,255,0.49)&#8221;]<\/p>\n<p><span style=\"text-decoration: underline;\"><span style=\"color: #ffcc00;\"><strong>contacto@misiondelnayar.org<\/strong><\/span><\/span><\/p>\n<p>[\/et_pb_blurb][et_pb_blurb title=&#8221;www.misiondelnayar.org&#8221; use_icon=&#8221;on&#8221; font_icon=&#8221;%%165%%&#8221; icon_color=&#8221;#FFFFFF&#8221; icon_placement=&#8221;left&#8221; use_icon_font_size=&#8221;on&#8221; icon_font_size=&#8221;29px&#8221; _builder_version=&#8221;4.9.4&#8243; _module_preset=&#8221;default&#8221; header_font=&#8221;Montserrat||||||||&#8221; header_text_color=&#8221;#FFFFFF&#8221; body_font=&#8221;Montserrat||||||||&#8221; body_text_color=&#8221;rgba(255,255,255,0.49)&#8221;][\/et_pb_blurb][\/et_pb_column][et_pb_column type=&#8221;1_3&#8243; _builder_version=&#8221;3.25&#8243; custom_padding=&#8221;|||&#8221; custom_padding__hover=&#8221;|||&#8221;][et_pb_text _builder_version=&#8221;4.9.4&#8243; text_font=&#8221;Montserrat||||||||&#8221; text_text_color=&#8221;rgba(255,255,255,0.7)&#8221; text_font_size=&#8221;16px&#8221; text_line_height=&#8221;1.8em&#8221; header_font=&#8221;||||||||&#8221; header_2_font=&#8221;Montserrat|700|||||||&#8221; header_2_line_height=&#8221;1.4em&#8221; header_3_font=&#8221;||||||||&#8221; background_layout=&#8221;dark&#8221; max_width=&#8221;600px&#8221; locked=&#8221;off&#8221;]<\/p>\n<h2>Misi\u00f3n Del Nayar A.B.P.<\/h2>\n<p>[\/et_pb_text][et_pb_blurb title=&#8221;Ubicaci\u00f3n &#8221; use_icon=&#8221;on&#8221; font_icon=&#8221;%%122%%&#8221; icon_color=&#8221;#FFFFFF&#8221; icon_placement=&#8221;left&#8221; use_icon_font_size=&#8221;on&#8221; icon_font_size=&#8221;29px&#8221; _builder_version=&#8221;4.9.4&#8243; _module_preset=&#8221;default&#8221; header_font=&#8221;Montserrat||||||||&#8221; header_text_color=&#8221;#FFFFFF&#8221; body_font=&#8221;Montserrat||||||||&#8221; body_text_color=&#8221;rgba(255,255,255,0.49)&#8221;]<\/p>\n<p>R\u00edo Sena 108, Col. Del Valle<br \/>San Pedro Garza Garc\u00eda<br \/>Nuevo Le\u00f3n M\u00e9xico<br \/>CP 66220<\/p>\n<p>[\/et_pb_blurb][et_pb_blurb title=&#8221;Tel\u00e9fono&#8221; use_icon=&#8221;on&#8221; font_icon=&#8221;%%264%%&#8221; icon_color=&#8221;#FFFFFF&#8221; icon_placement=&#8221;left&#8221; use_icon_font_size=&#8221;on&#8221; icon_font_size=&#8221;29px&#8221; _builder_version=&#8221;4.9.4&#8243; _module_preset=&#8221;default&#8221; header_font=&#8221;Montserrat||||||||&#8221; header_text_color=&#8221;#FFFFFF&#8221; body_font=&#8221;Montserrat||||||||&#8221; body_text_color=&#8221;rgba(255,255,255,0.49)&#8221;]<\/p>\n<p><span>52+ (81) 8335 3130<\/span><\/p>\n<p>[\/et_pb_blurb][et_pb_social_media_follow _builder_version=&#8221;4.9.7&#8243; _module_preset=&#8221;default&#8221;][et_pb_social_media_follow_network social_network=&#8221;facebook&#8221; url=&#8221;https:\/\/instagram.com\/misiondelnayar?utm_source=ig_profile_share&#038;igshid=163544mq5is47&#8243; _builder_version=&#8221;4.9.7&#8243; _module_preset=&#8221;default&#8221; background_color=&#8221;#3b5998&#8243; follow_button=&#8221;off&#8221; url_new_window=&#8221;on&#8221;]facebook[\/et_pb_social_media_follow_network][et_pb_social_media_follow_network social_network=&#8221;instagram&#8221; _builder_version=&#8221;4.9.7&#8243; _module_preset=&#8221;default&#8221; background_color=&#8221;#ea2c59&#8243; follow_button=&#8221;off&#8221; url_new_window=&#8221;on&#8221;]instagram[\/et_pb_social_media_follow_network][\/et_pb_social_media_follow][\/et_pb_column][et_pb_column type=&#8221;1_3&#8243; _builder_version=&#8221;3.25&#8243; custom_padding=&#8221;|||&#8221; custom_padding__hover=&#8221;|||&#8221;][et_pb_text _builder_version=&#8221;4.9.7&#8243; text_font=&#8221;Montserrat||||||||&#8221; text_text_color=&#8221;rgba(255,255,255,0.7)&#8221; text_font_size=&#8221;16px&#8221; text_line_height=&#8221;1.8em&#8221; header_font=&#8221;||||||||&#8221; header_2_font=&#8221;Montserrat|700|||||||&#8221; header_2_line_height=&#8221;1.4em&#8221; header_3_font=&#8221;||||||||&#8221; background_layout=&#8221;dark&#8221; max_width=&#8221;600px&#8221; locked=&#8221;off&#8221;]<\/p>\n<h2>Recibe nuestras noticias<\/h2>\n<p>[\/et_pb_text][et_pb_signup mailchimp_list=&#8221;add_new_account&#8221; button_text=&#8221;Registro&#8221; _builder_version=&#8221;4.9.4&#8243; _module_preset=&#8221;default&#8221; background_color=&#8221;RGBA(0,0,0,0)&#8221;][\/et_pb_signup][\/et_pb_column][\/et_pb_row][\/et_pb_section]<\/p>\n","protected":false},"excerpt":{"rendered":"<p>Aportaci\u00f3n \u00fanica Este tipo de donativo es una aportaci\u00f3n econ\u00f3mica unica al a\u00f1o y puede ser por la cantidad que desees. Es importante recordarte que toda donaci\u00f3n realizada a Misi\u00f3n del Nayar A.B.P. emite un recibo deducible. Si realizas tu aportaci\u00f3n de esta manera, puedes contactarnos en nuestra\u00a0forma de contacto, para hacerte llegar nuestro agradecimiento [&hellip;]<\/p>\n","protected":false},"author":1,"featured_media":0,"parent":0,"menu_order":0,"comment_status":"closed","ping_status":"closed","template":"","meta":{"_et_pb_use_builder":"on","_et_pb_old_content":"","_et_gb_content_width":"","footnotes":""},"class_list":["post-311","page","type-page","status-publish","hentry"],"_links":{"self":[{"href":"https:\/\/misiondelnayar.org\/noticias\/wp-json\/wp\/v2\/pages\/311","targetHints":{"allow":["GET"]}}],"collection":[{"href":"https:\/\/misiondelnayar.org\/noticias\/wp-json\/wp\/v2\/pages"}],"about":[{"href":"https:\/\/misiondelnayar.org\/noticias\/wp-json\/wp\/v2\/types\/page"}],"author":[{"embeddable":true,"href":"https:\/\/misiondelnayar.org\/noticias\/wp-json\/wp\/v2\/users\/1"}],"replies":[{"embeddable":true,"href":"https:\/\/misiondelnayar.org\/noticias\/wp-json\/wp\/v2\/comments?post=311"}],"version-history":[{"count":3,"href":"https:\/\/misiondelnayar.org\/noticias\/wp-json\/wp\/v2\/pages\/311\/revisions"}],"predecessor-version":[{"id":314,"href":"https:\/\/misiondelnayar.org\/noticias\/wp-json\/wp\/v2\/pages\/311\/revisions\/314"}],"wp:attachment":[{"href":"https:\/\/misiondelnayar.org\/noticias\/wp-json\/wp\/v2\/media?parent=311"}],"curies":[{"name":"wp","href":"https:\/\/api.w.org\/{rel}","templated":true}]}}